{"id":627,"date":"2022-11-03T11:38:11","date_gmt":"2022-11-03T10:38:11","guid":{"rendered":"https:\/\/cinemascotte.fr\/?page_id=627"},"modified":"2024-11-02T17:33:24","modified_gmt":"2024-11-02T16:33:24","slug":"festival-de-cinema-danimation-2022","status":"publish","type":"page","link":"https:\/\/cinemascotte.fr\/?page_id=627","title":{"rendered":"Festival de cin\u00e9ma d&rsquo;animation"},"content":{"rendered":"\n<p class=\"has-text-color has-link-color has-medium-font-size wp-elements-ab5108a80593eb145c2b5997f264db28\" style=\"color:#1215bd\">Chaque ann\u00e9e, g\u00e9n\u00e9ralement courant d\u00e9cembre, Cin\u00e9mascotte organise avec le cin\u00e9ma La Palette de Tournus, une semaine de cin\u00e9ma d&rsquo;animation.<\/p>\n\n\n\n<p class=\"has-text-align-center has-medium-font-size\">Que se passe-t-il au cours de cette semaine d\u2019animation&nbsp;?<\/p>\n\n\n\n<ul class=\"wp-block-list\">\n<li>Une programmation de <strong>longs m\u00e9trages<\/strong> d&rsquo;animation pour enfants, ados et adultes.<\/li>\n\n\n\n<li>Un <strong>spectacle <\/strong>ou <strong>cin\u00e9-concert<\/strong> ou <strong>conf\u00e9rence <\/strong><\/li>\n\n\n\n<li>Une <strong>comp\u00e9tition <\/strong>de courts m\u00e9trages de fin d&rsquo;\u00e9tudes d&rsquo;\u00e9coles d&rsquo;animation : un jury de professionnels de la culture et du cin\u00e9ma d\u00e9cerne le \u00ab\u00a0<strong>prix du jury<\/strong>\u00ab\u00a0. Lors d&rsquo;une soir\u00e9e sp\u00e9ciale, le public est invit\u00e9 \u00e0 voter pour le \u00ab\u00a0<strong>prix du public<\/strong>\u00ab\u00a0.<\/li>\n\n\n\n<li>Dans le cadre de l&rsquo;\u00e9ducation \u00e0 l&rsquo;image, les \u00e9coles, coll\u00e8ges et lyc\u00e9es de Tournus et de la r\u00e9gion participent avec leurs professeurs au <strong>prix \u00ab\u00a0Enfants\u00a0\u00bb<\/strong> ou <strong>prix \u00ab\u00a0jeunes\u00a0\u00bb<\/strong>.<\/li>\n\n\n\n<li>Et des <strong>s\u00e9ances scolaires<\/strong> en journ\u00e9e organis\u00e9es par la Palette sur cette p\u00e9riode.<\/li>\n<\/ul>\n\n\n\n<p class=\"has-text-color has-link-color wp-elements-9314ae402e9a1c32b9b7dba532c7dc44\" style=\"color:#0a4d30;font-size:25px\"><a href=\"https:\/\/cinemascotte.fr\/wp-admin\/post.php?post=2198&amp;action=edit\">Festival 2024<\/a><\/p>\n\n\n\n<p class=\"has-text-color has-link-color wp-elements-418580be171dd7d65fbabb4573601cd8\" style=\"color:#1d6a9d;font-size:25px\"><strong><a href=\"https:\/\/cinemascotte.fr\/wp-admin\/post.php?post=2168&amp;action=edit\">Festival 2023<\/a><\/strong><\/p>\n","protected":false},"excerpt":{"rendered":"<p>Chaque ann\u00e9e, g\u00e9n\u00e9ralement courant d\u00e9cembre, Cin\u00e9mascotte organise avec le cin\u00e9ma La Palette de Tournus, une semaine de cin\u00e9ma d&rsquo;animation. Que se passe-t-il au cours de cette semaine d\u2019animation&nbsp;? Festival 2024 Festival 2023<\/p>\n","protected":false},"author":3,"featured_media":0,"parent":0,"menu_order":0,"comment_status":"closed","ping_status":"closed","template":"","meta":{"footnotes":""},"class_list":["post-627","page","type-page","status-publish","hentry"],"_links":{"self":[{"href":"https:\/\/cinemascotte.fr\/index.php?rest_route=\/wp\/v2\/pages\/627","targetHints":{"allow":["GET"]}}],"collection":[{"href":"https:\/\/cinemascotte.fr\/index.php?rest_route=\/wp\/v2\/pages"}],"about":[{"href":"https:\/\/cinemascotte.fr\/index.php?rest_route=\/wp\/v2\/types\/page"}],"author":[{"embeddable":true,"href":"https:\/\/cinemascotte.fr\/index.php?rest_route=\/wp\/v2\/users\/3"}],"replies":[{"embeddable":true,"href":"https:\/\/cinemascotte.fr\/index.php?rest_route=%2Fwp%2Fv2%2Fcomments&post=627"}],"version-history":[{"count":10,"href":"https:\/\/cinemascotte.fr\/index.php?rest_route=\/wp\/v2\/pages\/627\/revisions"}],"predecessor-version":[{"id":2254,"href":"https:\/\/cinemascotte.fr\/index.php?rest_route=\/wp\/v2\/pages\/627\/revisions\/2254"}],"wp:attachment":[{"href":"https:\/\/cinemascotte.fr\/index.php?rest_route=%2Fwp%2Fv2%2Fmedia&parent=627"}],"curies":[{"name":"wp","href":"https:\/\/api.w.org\/{rel}","templated":true}]}}

Festival de cinéma d&rsquo;animation

<p class="has-text-color has-link-color has-medium-font-size wp-elements-ab5108a80593eb145c2b5997f264db28" style="color:#1215bd">Chaque année, généralement courant décembre, Cinémascotte organise avec le cinéma La Palette de Tournus, une semaine de cinéma d&rsquo;animation.</p>



<p class="has-text-align-center has-medium-font-size">Que se passe-t-il au cours de cette semaine d’animation&nbsp;?</p>



<ul class="wp-block-list">
<li>Une programmation de <strong>longs métrages</strong> d&rsquo;animation pour enfants, ados et adultes.</li>



<li>Un <strong>spectacle </strong>ou <strong>ciné-concert</strong> ou <strong>conférence </strong></li>



<li>Une <strong>compétition </strong>de courts métrages de fin d&rsquo;études d&rsquo;écoles d&rsquo;animation : un jury de professionnels de la culture et du cinéma décerne le « <strong>prix du jury</strong>« . Lors d&rsquo;une soirée spéciale, le public est invité à voter pour le « <strong>prix du public</strong>« .</li>



<li>Dans le cadre de l&rsquo;éducation à l&rsquo;image, les écoles, collèges et lycées de Tournus et de la région participent avec leurs professeurs au <strong>prix « Enfants »</strong> ou <strong>prix « jeunes »</strong>.</li>



<li>Et des <strong>séances scolaires</strong> en journée organisées par la Palette sur cette période.</li>
</ul>



<p class="has-text-color has-link-color wp-elements-9314ae402e9a1c32b9b7dba532c7dc44" style="color:#0a4d30;font-size:25px"><a href="https://cinemascotte.fr/wp-admin/post.php?post=2198&amp;action=edit">Festival 2024</a></p>



<p class="has-text-color has-link-color wp-elements-418580be171dd7d65fbabb4573601cd8" style="color:#1d6a9d;font-size:25px"><strong><a href="https://cinemascotte.fr/wp-admin/post.php?post=2168&amp;action=edit">Festival 2023</a></strong></p>

<p>Chaque année, généralement courant décembre, Cinémascotte organise avec le cinéma La Palette de Tournus, une semaine de cinéma d&rsquo;animation. Que se passe-t-il au cours de cette semaine d’animation&nbsp;? Festival 2024 Festival 2023</p>
