{"id":154,"date":"2019-12-29T18:00:30","date_gmt":"2019-12-29T17:00:30","guid":{"rendered":"https:\/\/cinemascotte.fr\/?page_id=154"},"modified":"2023-08-03T10:03:15","modified_gmt":"2023-08-03T08:03:15","slug":"qui-sommes-nous","status":"publish","type":"page","link":"https:\/\/cinemascotte.fr\/?page_id=154","title":{"rendered":"Qui sommes nous ?"},"content":{"rendered":"\n<h4 class=\"wp-block-heading has-bright-blue-color has-text-color\">Nous sommes&#8230;<\/h4>\n\n\n\n<p><strong>Une association de cin\u00e9philes<\/strong> qui soutient le cin\u00e9ma municipal de Tournus, participe \u00e0 l&rsquo;animation et au rayonnement culturel de Tournus et du Tournugeois.<\/p>\n\n\n\n<h4 class=\"wp-block-heading has-bright-blue-color has-text-color\">comment<\/h4>\n\n\n\n<p><strong>En promouvant un cin\u00e9ma art et essai<\/strong>, cin\u00e9ma du monde, cin\u00e9ma d&rsquo;uteur, cin\u00e9ma d&rsquo;animation aupr\u00e8s d&rsquo;un public le plus large possible.<\/p>\n\n\n\n<p><strong>En proposant deux films par mois<\/strong>, de septembre \u00e0 juillet, les mercredis \u00e0 20h30 et les dimanches \u00e0 18h. Les r\u00e9unions de programmation sont ouvertes aux adh\u00e9rents.<\/p>\n\n\n\n<p><strong>En accueillant divers professionnels du cin\u00e9ma<\/strong>.<\/p>\n\n\n\n<p><strong>En favorisant un partenariat<\/strong> avec les \u00e9tablissements scolaires et les associations locales.<\/p>\n\n\n\n<p><strong>En organisant des festivals<\/strong> : cin\u00e9ma d&rsquo;animation, Afrique au cin\u00e9ma.<\/p>\n\n\n\n<p><strong>En organisant des soir\u00e9es \u00e0 th\u00e8mes<\/strong> (polars, r\u00e9alisateurs, pays&#8230; cinq \u00e0 six fois par an).<\/p>\n\n\n\n<p><strong>En r\u00e9alisant une newsletter<\/strong> hebdomadaire portant sur la programmation du cin\u00e9ma de Tournus.<\/p>\n\n\n\n<h4 class=\"wp-block-heading has-bright-blue-color has-text-color\">Pour qui ?<\/h4>\n\n\n\n<p><strong>Pour tous<\/strong>, adh\u00e9rents ou non, Tournusiens ou non. Adh\u00e9sion : 10 \u20ac<\/p>\n\n\n\n<h4 class=\"wp-block-heading has-bright-blue-color has-text-color\">o\u00f9 ?<\/h4>\n\n\n\n<p><strong>Au cin\u00e9ma La Palette<\/strong>, 37 rue de la R\u00e9publique, 71700 Tournus<\/p>\n\n\n\n<p><strong>Contact : cinemascotte@gmail.com<\/strong><\/p>\n","protected":false},"excerpt":{"rendered":"<p>Nous sommes&#8230; Une association de cin\u00e9philes qui soutient le cin\u00e9ma municipal de Tournus, participe \u00e0 l&rsquo;animation et au rayonnement culturel de Tournus et du Tournugeois. comment En promouvant un cin\u00e9ma art et essai, cin\u00e9ma du monde, cin\u00e9ma d&rsquo;uteur, cin\u00e9ma d&rsquo;animation aupr\u00e8s d&rsquo;un public le plus large possible. En proposant deux films par mois, de septembre &hellip; <a href=\"https:\/\/cinemascotte.fr\/?page_id=154\" class=\"more-link\">Continuer la lecture<span class=\"screen-reader-text\"> de &laquo;&nbsp;Qui sommes nous ?&nbsp;&raquo;<\/span><\/a><\/p>\n","protected":false},"author":2,"featured_media":0,"parent":0,"menu_order":5,"comment_status":"closed","ping_status":"closed","template":"","meta":{"footnotes":""},"class_list":["post-154","page","type-page","status-publish","hentry"],"_links":{"self":[{"href":"https:\/\/cinemascotte.fr\/index.php?rest_route=\/wp\/v2\/pages\/154","targetHints":{"allow":["GET"]}}],"collection":[{"href":"https:\/\/cinemascotte.fr\/index.php?rest_route=\/wp\/v2\/pages"}],"about":[{"href":"https:\/\/cinemascotte.fr\/index.php?rest_route=\/wp\/v2\/types\/page"}],"author":[{"embeddable":true,"href":"https:\/\/cinemascotte.fr\/index.php?rest_route=\/wp\/v2\/users\/2"}],"replies":[{"embeddable":true,"href":"https:\/\/cinemascotte.fr\/index.php?rest_route=%2Fwp%2Fv2%2Fcomments&post=154"}],"version-history":[{"count":6,"href":"https:\/\/cinemascotte.fr\/index.php?rest_route=\/wp\/v2\/pages\/154\/revisions"}],"predecessor-version":[{"id":1390,"href":"https:\/\/cinemascotte.fr\/index.php?rest_route=\/wp\/v2\/pages\/154\/revisions\/1390"}],"wp:attachment":[{"href":"https:\/\/cinemascotte.fr\/index.php?rest_route=%2Fwp%2Fv2%2Fmedia&parent=154"}],"curies":[{"name":"wp","href":"https:\/\/api.w.org\/{rel}","templated":true}]}}