{"id":1294,"date":"2023-07-29T12:08:15","date_gmt":"2023-07-29T10:08:15","guid":{"rendered":"https:\/\/cinemascotte.fr\/?page_id=1294"},"modified":"2025-12-28T10:18:18","modified_gmt":"2025-12-28T09:18:18","slug":"programme-et-seances","status":"publish","type":"page","link":"https:\/\/cinemascotte.fr\/?page_id=1294","title":{"rendered":"Programme et s\u00e9ances"},"content":{"rendered":"\n<h2 class=\"wp-block-heading\"><a href=\"https:\/\/cinemascotte.fr\/wp-admin\/post.php?post=2651&amp;action=edit\">Du 14 janvier au 1er mars 2026<\/a><\/h2>\n\n\n\n<h2 class=\"wp-block-heading\"><a href=\"https:\/\/cinemascotte.fr\/wp-admin\/post.php?post=2503&amp;action=edit\">Du 10 septembre au 26 octobre 2025<\/a><\/h2>\n\n\n\n<p class=\"has-bright-blue-color has-text-color has-link-color wp-elements-f70322cd62505e049e593f2c18b0da9f\" style=\"font-size:30px\"><strong><a href=\"https:\/\/cinemascotte.fr\/wp-admin\/post.php?post=2475&amp;action=edit\">Du 7 au 31 mai 2025<\/a><\/strong><\/p>\n\n\n\n<h2 class=\"wp-block-heading has-bright-blue-color has-text-color has-link-color wp-elements-43e67a864ae9b41866238ef9dcfa558b\"><a href=\"https:\/\/cinemascotte.fr\/?page_id=1830\">Du 13 mars au 28 avril 2024<\/a><\/h2>\n\n\n\n<h2 class=\"wp-block-heading\"><a href=\"https:\/\/cinemascotte.fr\/?page_id=1680\">Du 3 janvier au 3 mars 2024<\/a><\/h2>\n\n\n\n<h2 class=\"wp-block-heading\"><a href=\"https:\/\/cinemascotte.fr\/?page_id=1467\">Du 25 octobre au 22 d\u00e9cembre 2023<\/a><\/h2>\n\n\n\n<h2 class=\"wp-block-heading\"><a href=\"https:\/\/cinemascotte.fr\/?page_id=1298\">Du 30 ao\u00fbt au 15 octobre 2023<\/a><\/h2>\n\n\n\n<h2 class=\"wp-block-heading has-text-align-left has-text-color\" style=\"color:#1a00cc\"><a href=\"https:\/\/cinemascotte.fr\/?page_id=942\">Du 25 mai au 6 ao\u00fbt 2023<\/a><\/h2>\n","protected":false},"excerpt":{"rendered":"<p>Du 14 janvier au 1er mars 2026 Du 10 septembre au 26 octobre 2025 Du 7 au 31 mai 2025 Du 13 mars au 28 avril 2024 Du 3 janvier au 3 mars 2024 Du 25 octobre au 22 d\u00e9cembre 2023 Du 30 ao\u00fbt au 15 octobre 2023 Du 25 mai au 6 ao\u00fbt 2023<\/p>\n","protected":false},"author":3,"featured_media":0,"parent":0,"menu_order":0,"comment_status":"closed","ping_status":"closed","template":"","meta":{"footnotes":""},"class_list":["post-1294","page","type-page","status-publish","hentry"],"_links":{"self":[{"href":"https:\/\/cinemascotte.fr\/index.php?rest_route=\/wp\/v2\/pages\/1294","targetHints":{"allow":["GET"]}}],"collection":[{"href":"https:\/\/cinemascotte.fr\/index.php?rest_route=\/wp\/v2\/pages"}],"about":[{"href":"https:\/\/cinemascotte.fr\/index.php?rest_route=\/wp\/v2\/types\/page"}],"author":[{"embeddable":true,"href":"https:\/\/cinemascotte.fr\/index.php?rest_route=\/wp\/v2\/users\/3"}],"replies":[{"embeddable":true,"href":"https:\/\/cinemascotte.fr\/index.php?rest_route=%2Fwp%2Fv2%2Fcomments&post=1294"}],"version-history":[{"count":14,"href":"https:\/\/cinemascotte.fr\/index.php?rest_route=\/wp\/v2\/pages\/1294\/revisions"}],"predecessor-version":[{"id":2846,"href":"https:\/\/cinemascotte.fr\/index.php?rest_route=\/wp\/v2\/pages\/1294\/revisions\/2846"}],"wp:attachment":[{"href":"https:\/\/cinemascotte.fr\/index.php?rest_route=%2Fwp%2Fv2%2Fmedia&parent=1294"}],"curies":[{"name":"wp","href":"https:\/\/api.w.org\/{rel}","templated":true}]}}